 33 = -2. Let j = -14 - -21. What is the greatest common factor of b and j?
7
Suppose 25 = -3*p - 11. Let i be (-4 - 40/p)*-165. Calculate the greatest common divisor of i and 10.
10
Suppose -19*m + 15*m + 35 = -3*z, 2*z = -2*m + 28. Suppose -12 = -j - 3*r, 6*j + 128 = m*j - 2*r. Calculate the greatest common factor of 36 and j.
12
Let n(v) = -2*v + 18. Let u be n(-3). Suppose 0 = -128*f + 179*f - 91800. What is the greatest common divisor of u and f?
24
Suppose g = -5*s - 3*g + 3890, -3*g - 15 = 0. Let d = -419 + s. Calculate the highest common factor of 22 and d.
11
Suppose -3*m + 2928 = 3*j, -361*m + 2*j + 991 = -360*m. What is the greatest common divisor of m and 45?
9
Let c(k) = 7*k**3 + 46*k**2 - 36*k - 9. Let j be c(1). Let p = 5 + 155. Suppose 2*l = -3*l + p. What is the highest common factor of j and l?
8
Let n(t) = -t**3 + 24*t**2 + 137*t - 18. Let x be n(-6). What is the highest common factor of x and 108?
12
Suppose 114 = -14*c + 44. Let q(a) = 6*a**2 + 6*a - 8. Let y be q(c). Calculate the greatest common divisor of y and 28.
28
Let d = 0 - -10. Let k be -4 - (-131 + 1 + -2). Let u = -124 + k. What is the greatest common divisor of u and d?
2
Let u be ((-150)/(-45))/(2 - 8/6). Suppose -u*b + 71 = k - b, 4*b + 118 = 2*k. Calculate the highest common factor of 18 and k.
9
Suppose -118*r - 10640 = -153*r. Calculate the highest common divisor of 100 and r.
4
Let g be 0/(-2) + (-10)/(-2). Suppose -g*a = -0 - 15. Suppose -a*c = -c + p - 223, -4*p + 342 = 3*c. What is the greatest common factor of 10 and c?
10
Suppose t - 24 = -7*t. Suppose 0 = t*p - 79 - 11. What is the greatest common divisor of p and 15?
15
Suppose 0 = -103*p - 17*p + 39360. What is the highest common factor of 779 and p?
41
Let v be 39/(-15)*-121 - (-2)/5. Let j = -282 + v. What is the highest common factor of j and 165?
33
Let b = 1066 + -450. Let v be (45/(-36))/(1 - 9/8). Suppose v*a - b = -a. What is the greatest common divisor of a and 8?
8
Let u be (5/10)/((-687)/228 - -3). Let y = u + 45. What is the greatest common divisor of y and 224?
7
Suppose -59*s + 58*s + 27 + 153 = 0. Suppose 3*r + 12 + 3 = 0. Let k be (70/4)/r*s/(-35). Calculate the highest common factor of 6 and k.
6
Let r(t) = -2*t**3 - 45*t**2 + 24*t + 32. Let g = -104 - -81. Let n be r(g). Calculate the highest common factor of n and 369.
9
Let b = 19622 + -19421. Calculate the highest common factor of 2077 and b.
67
Suppose 1212 = 25*u + 755 - 1493. What is the highest common divisor of 3159 and u?
39
Let h be -7 + -75 + (12 - 5). Suppose w - 219 = -4*t + 101, 2*t - 154 = -2*w. Let l = h + t. Calculate the highest common factor of l and 96.
6
Let h(s) = -2*s**2 + 32*s + 74. Let c be h(18). Suppose 7*v = 3*v - c*y + 192, 0 = y. What is the highest common factor of v and 336?
48
Let s(j) = 18*j - 196. Let l be s(11). Let i(m) = 57*m - 101. Let q be i(l). What is the greatest common divisor of q and 299?
13
Let o = 3747 + -2474. What is the highest common factor of o and 67?
67
Let z = 12886 - 12761. Calculate the highest common factor of 8250 and z.
125
Suppose -9*x = -17*x. Suppose -5*p - j = -723, x = -3*p + 6*p + 3*j - 441. Suppose -5*u + 2*u = -p. Calculate the greatest common factor of 4 and u.
4
Let k = 21 - 15. Let o be (-6)/2*-5 - (42 - 41). Calculate the highest common divisor of k and o.
2
Let i(v) = 391*v - 975. Let b be i(12). Calculate the highest common divisor of b and 189.
63
Let d(h) = 16*h - 92. Let i be d(7). Let m = 314 - i. What is the greatest common divisor of 84 and m?
42
Suppose -2*v - 382 = -0*v + 3*w, -2*w = -4*v - 732. Let d = 236 + v. Calculate the highest common divisor of 408 and d.
51
Let d(g) = 280*g**2 + 701*g - 4914. Let v be d(7). Calculate the highest common factor of v and 21.
21
Let f = 13094 + -12512. What is the highest common divisor of 1067 and f?
97
Let q be ((-4)/12)/(3*(-3)/(-5697)). Let j = q - -247. What is the greatest common divisor of 54 and j?
18
Let v = -22 + -168. Let z = 238 + v. Calculate the greatest common factor of 264 and z.
24
Let m(u) = -27*u + 1773. Let b be m(55). Calculate the greatest common divisor of 279 and b.
9
Suppose 85*n + 124*n = 81*n + 434304. Calculate the greatest common factor of n and 78.
39
Suppose -2*z = -0*z - 10. Suppose 2*w - 65 = z*n, -11*w + 6*w + 3*n = -115. Calculate the greatest common factor of 45 and w.
5
Suppose 0 = -2*h - 3*g - 2*g + 34054, -4*h - g + 68072 = 0. Calculate the greatest common divisor of h and 221.
221
Let t(w) = -1800*w - 8943. Let v be t(-5). Let y be 2 + 173 + (-1 - 3). Calculate the highest common factor of y and v.
57
Suppose -142*r - 1308 = -144*r. What is the highest common divisor of 24 and r?
6
Let k(d) = -d**3 - 6*d**2 + 18*d + 121. Let i be k(0). What is the greatest common factor of i and 924?
11
Let z(p) = -p**3 - 6*p**2 - 3*p - 13. Let i be z(-6). Suppose 0 = 2*b + 5*f + 20 - 47, -5*b + i*f = -120. Calculate the greatest common factor of b and 98.
7
Let z be (14/6)/(112/240). Suppose z + 29 = 17*j. Calculate the greatest common factor of 23 and j.
1
Suppose 14 = 4*g - 2. Suppose g*y = -f + 10, f + 3*y = -0*f + 13. Let a be (18 - -6)/((4/f)/1). What is the greatest common divisor of 12 and a?
12
Let n = -3918 + 4004. Calculate the highest common divisor of n and 2752.
86
Let q be 2/8 - 587/(-4). Let a = -14142 + 14387. What is the greatest common divisor of a and q?
49
Suppose 36*z = 41*z - 1105. Suppose -559 + z = -k. What is the greatest common divisor of 26 and k?
26
Let h(q) = 17*q**2 - 74*q + 96. Let z be h(-25). What is the highest common divisor of 13 and z?
13
Suppose 23 = -4*s - 3*g, -4*s = -0*s - g + 35. Let k = 12 - s. Let h(l) = -l - 8. Let u be h(-16). Calculate the greatest common divisor of u and k.
4
Suppose 0 = -19*s + 20*s - 3. Suppose -6 = s*u, x + 3 = -3*u + 6. Let p = -2 - -11. Calculate the greatest common factor of x and p.
9
Let r be -2 + (-232)/(-28) - (-28)/(-98). Let z be 12*((-7 - -2) + r). Let h = 64 + 32. Calculate the greatest common factor of h and z.
12
Let d = 46 - 66. Let i(x) = -155*x + 158. Let w be i(1). Let r be (-12)/15 + (-36)/d + w. What is the highest common factor of r and 1?
1
Suppose -182*a + 151*a = -147808. What is the greatest common divisor of a and 64?
32
Suppose 64*w + 66*w - 127*w = 8334. Calculate the highest common factor of 6 and w.
6
Suppose l = 6 - 4, 5*b - l = -257. Let t = b + 50. Let u be (-11 - (t + 3))/(-1). What is the greatest common divisor of 104 and u?
13
Suppose -5*k - 112 + 627 = 0. Suppose -566 + 948 = 2*h. Let i = h - k. Calculate the highest common divisor of i and 11.
11
Let g = -187 + 189. Let o be g - 4/((-8)/14). Calculate the greatest common divisor of o and 6.
3
Let v be (-126)/(-8)*1/((-9)/(-384)*8). What is the highest common factor of v and 3808?
28
Suppose 22*x - 25*x + 13*z = 2, x - 3*z = 2. Let r(a) = -a**2 + 2*a + 2. Let c be r(2). Suppose c*b - 33 = 79. What is the greatest common factor of x and b?
8
Let n(d) = -d**3 - 10*d**2 - 13*d + 3. Suppose 4 - 22 = 2*m. Let q be n(m). Calculate the highest common divisor of q and 156.
39
Let u(d) = -9*d - 6. Let a be u(-2). Suppose -l = -4*l + a. Suppose 2*p = -2*m + 26, l*p - 57 = m + 5. What is the highest common divisor of p and 45?
15
Suppose 3*j - 4*y - 52 = 0, -y + 0*y = -2*j + 33. Let w(b) = -2*b - 22. Let l = -198 + 179. Let h be w(l). What is the greatest common factor of j and h?
16
Let w = -5503 + 13823. What is the greatest common factor of 256 and w?
128
Suppose -2*k - u - 3*u = 14, -3*u = 3. Let h(s) be the first derivative of -8*s**2 + 2*s - 7. Let q be h(k). What is the greatest common factor of q and 41?
41
Let o be (-4)/(-14) + 13035/(-77). Let a = o + 177. What is the highest common factor of a and 64?
8
Suppose 175*a - 80*a - 1404 = 4296. Suppose 4*m + 84 = 4*t - 0*m, -5*t = 2*m - 126. Calculate the highest common divisor of t and a.
12
Let w(d) = -16*d**3 + 944*d**2 + 74*d + 194. Let l be w(59). Calculate the highest common divisor of 20 and l.
20
Let i = 281 - 285. Let f be 18/((-465)/(-975) - i/(-10)). What is the greatest common divisor of f and 52?
26
Let x = -74 + -20. Let z = 166 + x. Let n(c) = -c + 2. Let r be n(-6). Calculate the highest common factor of z and r.
8
Let q = -23290 - -23302. What is the highest common fa